 what is -5 + 2c15cc4?
2c15cbc
In base 8, what is 6 - 2471032?
-2471024
In base 7, what is 2665 + -1162460?
-1156462
In base 7, what is -402446012 + 4?
-402446005
In base 8, what is 10 - -1573561?
1573571
In base 16, what is 10 - 247c4?
-247b4
In base 9, what is 78750 + 516?
80366
In base 9, what is 8486 + -14563?
-5066
In base 12, what is 0 - -2512ba?
2512ba
In base 15, what is e3 + -20633?
-20540
In base 3, what is 210 + -11012020122122?
-11012020121212
In base 10, what is -37987283 + -3?
-37987286
In base 7, what is -133544625 - 41?
-133544666
In base 4, what is 2230113231 + -1?
2230113230
In base 4, what is -1300130113 - 211?
-1300130330
In base 9, what is 45882613 + 23?
45882636
In base 10, what is 4623 - -310?
4933
In base 13, what is 1 + 8226c5?
8226c6
In base 10, what is -276 - 98455?
-98731
In base 11, what is 5 + 987509a?
98750a4
In base 4, what is 32300 - -20201232?
20300132
In base 14, what is 2a70 - -c2?
2b52
In base 10, what is -73981033 + -14?
-73981047
In base 4, what is 133102 + 1000001213?
1000200321
In base 12, what is 4522 + -25486?
-20b64
In base 2, what is 101000101110001001 + -100010?
101000101101100111
In base 14, what is -43d9 - -3aa?
-402d
In base 6, what is 205011053 - 0?
205011053
In base 5, what is -3430334311 - 10?
-3430334321
In base 4, what is 13302311 - -3023330?
22332301
In base 12, what is -82518650a - 3?
-825186511
In base 3, what is -102010220 + 10000010?
-22010210
In base 16, what is -d2 + -4bf34?
-4c006
In base 15, what is 5 + 63e50a?
63e510
In base 10, what is -598938 + -224?
-599162
In base 7, what is -31154 + -46101?
-110255
In base 15, what is 32734 - -1507?
33c3b
In base 5, what is -30124234 + -1424?
-30131213
In base 14, what is 12c6 + 110db?
123c3
In base 13, what is -68c + -1bb?
-87a
In base 13, what is -1156 - 14ab?
-2634
In base 7, what is -2052564641 + 3?
-2052564635
In base 9, what is -1002474 + -22?
-1002506
In base 5, what is -2 - -12120301431?
12120301424
In base 11, what is -19 + -2a100888?
-2a1008a6
In base 15, what is -709c46 - -1a?
-709c2b
In base 15, what is -b - -d604e?
d6043
In base 6, what is -3 + -23255405?
-23255412
In base 13, what is -aa7ca42 - -1?
-aa7ca41
In base 3, what is 12 + -12222011212110?
-12222011212021
In base 15, what is -1e9 + 4e70?
4c76
In base 13, what is 42a6690 + -3?
42a668a
In base 12, what is -19 - 98603?
-98620
In base 4, what is -2 + 2031210210?
2031210202
In base 7, what is 5 + -111046524?
-111046516
In base 5, what is 121023020 - -22?
121023042
In base 14, what is 4 + 3335dd?
333603
In base 15, what is 4849e - 2e?
48470
In base 13, what is 12a9415 - -11?
12a9426
In base 13, what is 0 + 500a37?
500a37
In base 12, what is -36 + 274651?
274617
In base 14, what is a4bd8 - bb?
a4b1b
In base 4, what is 3212 - -31101113?
31110331
In base 12, what is -1209b09 - 51?
-1209b5a
In base 11, what is 37a + -62793?
-62414
In base 9, what is 3 - -7222347?
7222351
In base 13, what is 105 + 2c912?
2ca17
In base 15, what is 54 - -19c5?
1a29
In base 4, what is -2232001 - 1130?
-2233131
In base 4, what is 31130110 + -1011?
31123033
In base 11, what is -871 + -239812?
-23a583
In base 10, what is -151166 + -48?
-151214
In base 13, what is -4 + -b387b?
-b3882
In base 3, what is -22121 + 21112122100201?
21112122001010
In base 11, what is -24a226 + -412?
-24a638
In base 10, what is 2436 + 16736?
19172
In base 15, what is 33e03a0 - -1?
33e03a1
In base 6, what is 25505 - 20025?
5440
In base 5, what is -1041002 + 2041?
-1033411
In base 11, what is 13098713 + -1?
13098712
In base 8, what is 431 + 307752?
310403
In base 2, what is -111001100111010110110 - -110?
-111001100111010110000
In base 9, what is 1512851 + -23?
1512827
In base 3, what is 22021010021100221 + 0?
22021010021100221
In base 11, what is 4a493 - -1011?
504a4
In base 6, what is -15 + -42433510?
-42433525
In base 3, what is -10101 - 22112112?
-22122220
In base 9, what is -8 + 68774134?
68774125
In base 7, what is 6 + 63345522?
63345531
In base 6, what is 3 - 1045220300?
-1045220253
In base 9, what is 867 + 40762?
41740
In base 7, what is -60334 - 505262?
-565626
In base 6, what is 5 + 1040405243?
1040405252
In base 2, what is -1011001000101 + -1010011100011100?
-1011110101100001
In base 15, what is 5c9224 - -11a?
5c933e
In base 9, what is 627701 - -35?
627736
In base 8, what is 3 + 4147750?
4147753
In base 15, what is 9101078 + b?
9101084
In base 15, what is 2 - -10d29e?
10d2a1
In base 16, what is 5 - 33bb8bc?
-33bb8b7
In base 15, what is -175cd9 - 24?
-175d0d
In base 12, what is -374a23 + 7bb?
-374224
In base 10, what is 552596925 - 2?
552596923
In base 9, what is -1034 + -1018587?
-1020632
In base 14, what is -111c12a - 5?
-111c131
In base 15, what is -2ec - 16?
-313
In base 4, what is 1302033320 + 302?
1302100222
In base 4, what is 1011 - -231131301?
231132312
In base 2, what is -10001 - 1011001101101100110101?
-1011001101101101000110
In base 7, what is 51045005 + -424?
51044251
In base 15, what is 5 - -be179?
be17e
In base 10, what is 69 - -20483?
20552
In base 14, what is -66b2c - 13?
-66b41
In base 5, what is 14031112 + 212?
14031324
In base 11, what is -1521 + -79087?
-7a5a8
In base 15, what is 9dcd - -1c?
9dea
In base 5, what is -1013231 + -23020?
-1041301
In base 4, what is 32233 - 22332?
3301
In base 8, what is -611004 - -5320?
-603464
In base 14, what is 3166 - a4ad?
-7347
In base 11, what is 8379 - -628?
89a6
In base 16, what is f - -1f0b2ba?
1f0b2c9
In base 16, what is 1004 - -27f?
1283
In base 16, what is -18ec02 - -5c?
-18eba6
In base 12, what is 11927 - -66b?
12396
In base 15, what is -23 - 224c20?
-224c43
In base 8, what is -115 - -103426?
103311
In base 5, what is 1420241032 + -1?
1420241031
In base 6, what is -144224 - 2251?
-150515
In base 3, what is 121 + -121220111210012?
-121220111202121
In base 13, what is 109cc4 + 1?
109cc5
In base 2, what is -10100000000100101011110110 - -11?
-10100000000100101011110011
In base 14, what is -4c7 + 15da?
1113
In base 7, what is 421521 + 1?
421522
In base 10, what is 15 + 3583474?
3583489
In base 6, what is 1040504 + -14532?
1021532
In base 16, what is -2 - -5a596f?
5a596d
In base 4, what is 1222123022 + 122032?
1222311120
In base 9, what is 16 - -1117881?
1118007
In base 14, what is 305 - 388c?
-3587
In base 4, what is 3 + 21023020133?
21023020202
In base 15, what is -1 + -679c69?
-679c6a
In base 4, what is -2030110112 - 1011?
-2030111123
In base 4, what is 22201312 - -313101?
23121013
In base 2, what is 1000000001100111010111 - 10001?
1000000001100111000110
In base 14, what is 8 - 177abd2?
-177abc8
In base 9, what is -2362137 - -1225?
-2360812
In base 9, what is -1818253 + -21?
-1818274
In base 16, what is 3bf380 + -68?
3bf318
In base 12, what is 66a1691 + -1?
66a1690
In base 11, what is 83468 + -114a?
82319
In base 8, what is 3007500 - -505?
3010205
In base 2, what is -10001000 - 101001111010101?
-101010001011101
In base 13, what is 89a9 - 99a?
800c
In base 5, what is -211101 - 101?
-211202
In base 8, what is 4422747 + -3?
4422744
In base 9, what is -54005644 + 3?
-54005641
In base 11, what is -5 - -328004?
327aaa
In base 15, what is -1 - 1bb2e9?
-1bb2ea
In base 3, what is 2 - -21121020211000?
21121020211002
In base 2, what is 1111001110 + -111010101010?
-101011011100
In base 9, what is 12 + 37635822?
37635834
In base 9, what is -12 - 1621486?
-1621508
In base 15, what is -dc613a - -3?
-dc6137
In base 4, what is 1333330333321 - -3?
1333330333330
In base 4, what is -310012 + -1103332?
-2020010
In base 7, what is -42332 - 0?
-42332
In base 8, what is 5 - -223004471?
223004476
In base 6, what is 1 - -14325104142?
14325104143
In base 10, what is -18 - 9435850?
-9435868
In base 11, what is -174362a + 1?
-1743629
In base 14, what is 90 - -19d2757?
19d2807
In base 11, what is 111256 - 52?
111204
In base 13, what is 6 + 1050552a?
10505533
In base 9, what is 2885768 + -172?
2885586
In base 11, what is -3 - 315511?
-315514
In base 5, what is -2 - 124141014001?
-124141014003
In base 13, what is -64a38 - -12?
-64a26
In base 8, what is 47216205 - 5?
47216200
In base 15, what is 33e + -7ba6?
-7867
In base 13, what is 447924c + -1b?
4479231
In base 3, what is 101 + -12200100222?
-12200100121
In base 14, what is 19 + 1286138?
1286153
In base 3, what is -10 + -1122212012220101